en millions digit of 75849469?
7
What is the millions digit of 401272450?
1
What is the thousands digit of 44897738?
7
What is the thousands digit of 601203319?
3
What is the hundred thousands digit of 85562500?
5
What is the ten thousands digit of 59848766?
4
What is the thousands digit of 1139044010?
4
What is the thousands digit of 380130212?
0
What is the thousands digit of 90918972?
8
What is the millions digit of 171205562?
1
What is the billions digit of 3232564082?
3
What is the tens digit of 51186646?
4
What is the units digit of 57482072?
2
What is the ten thousands digit of 5016737701?
3
What is the thousands digit of 236957129?
7
What is the ten millions digit of 95158534?
9
What is the hundred thousands digit of 23311752?
3
What is the tens digit of 26265017?
1
What is the ten millions digit of 18698403?
1
What is the units digit of 224091694?
4
What is the thousands digit of 76138980?
8
What is the ten millions digit of 1837569498?
3
What is the hundred thousands digit of 69142284?
1
What is the ten thousands digit of 73085963?
8
What is the units digit of 5214825749?
9
What is the ten thousands digit of 182279019?
7
What is the tens digit of 143155491?
9
What is the ten millions digit of 485159408?
8
What is the tens digit of 1068894401?
0
What is the ten thousands digit of 423454202?
5
What is the units digit of 61161598?
8
What is the tens digit of 600720513?
1
What is the ten thousands digit of 8460764162?
6
What is the hundred millions digit of 4357051872?
3
What is the tens digit of 3791320651?
5
What is the hundred thousands digit of 824602336?
6
What is the tens digit of 68122125?
2
What is the hundreds digit of 65936776?
7
What is the hundreds digit of 64002882?
8
What is the ten thousands digit of 278897203?
9
What is the hundreds digit of 979061895?
8
What is the ten millions digit of 25045380?
2
What is the billions digit of 2039209895?
2
What is the tens digit of 33857203?
0
What is the ten millions digit of 496121371?
9
What is the units digit of 109069533?
3
What is the hundreds digit of 1305135165?
1
What is the thousands digit of 41180439?
0
What is the tens digit of 695854455?
5
What is the tens digit of 3042452?
5
What is the units digit of 76631627?
7
What is the thousands digit of 1970473376?
3
What is the hundred millions digit of 110824098?
1
What is the thousands digit of 1715589012?
9
What is the billions digit of 6855946428?
6
What is the millions digit of 3072541807?
2
What is the tens digit of 4140008624?
2
What is the units digit of 46917093?
3
What is the hundred millions digit of 609959380?
6
What is the hundred millions digit of 220793036?
2
What is the units digit of 6888800905?
5
What is the millions digit of 101953440?
1
What is the hundred thousands digit of 1192162431?
1
What is the billions digit of 1611557402?
1
What is the ten millions digit of 62188091?
6
What is the hundred millions digit of 3043642965?
0
What is the hundreds digit of 5009159870?
8
What is the hundred thousands digit of 188887497?
8
What is the hundreds digit of 134921086?
0
What is the ten millions digit of 7565685334?
6
What is the ten thousands digit of 1101998284?
9
What is the ten millions digit of 2015028694?
1
What is the thousands digit of 53566767?
6
What is the millions digit of 125812157?
5
What is the hundred millions digit of 493650607?
4
What is the ten millions digit of 281026438?
8
What is the units digit of 47421869?
9
What is the units digit of 5876692?
2
What is the hundred thousands digit of 16880673?
8
What is the tens digit of 3199062321?
2
What is the units digit of 5325164?
4
What is the ten millions digit of 2338803036?
3
What is the hundreds digit of 491354440?
4
What is the ten millions digit of 5387740618?
8
What is the ten thousands digit of 48844947?
4
What is the units digit of 121812570?
0
What is the billions digit of 3623809878?
3
What is the millions digit of 87452976?
7
What is the thousands digit of 476530419?
0
What is the hundred thousands digit of 10619814?
6
What is the units digit of 541071937?
7
What is the hundreds digit of 1061214621?
6
What is the hundreds digit of 1933156481?
4
What is the hundred millions digit of 4271150994?
2
What is the units digit of 28353143?
3
What is the ten millions digit of 1283279498?
8
What is the ten thousands digit of 43580075?
8
What is the ten thousands digit of 21290062?
9
What is the hundreds digit of 2751629846?
8
What is the hundred thousands digit of 3536506?
5
What is the ten thousands digit of 22175345?
7
What is the tens digit of 215251019?
1
What is the hundreds digit of 350746666?
6
What is the thousands digit of 588542362?
2
What is the thousands digit of 651372330?
2
What is the thousands digit of 4048365370?
5
What is the tens digit of 661474525?
2
What is the units digit of 152615234?
4
What is the tens digit of 49160380?
8
What is the millions digit of 38536548?
8
What is the ten millions digit of 41372441?
4
What is the billions digit of 1094934763?
1
What is the ten millions digit of 188164772?
8
What is the millions digit of 231856984?
1
What is the ten millions digit of 1610611038?
1
What is the tens digit of 3089344350?
5
What is the ten thousands digit of 475447706?
4
What is the thousands digit of 105724279?
4
What is the ten thousands digit of 145250644?
5
What is the units digit of 129378855?
5
What is the units digit of 1437068372?
2
What is the hundred thousands digit of 122846992?
8
What is the thousands digit of 35644204?
4
What is the units digit of 416742294?
4
What is the ten millions digit of 78235554?
7
What is the ten thousands digit of 838280009?
8
What is the tens digit of 296222867?
6
What is the tens digit of 141750886?
8
What is the ten millions digit of 398424978?
9
What is the thousands digit of 151475759?
5
What is the hundred millions digit of 226871640?
2
What is the hundred thousands digit of 177667250?
6
What is the tens digit of 313446661?
6
What is the hundreds digit of 34772253?
2
What is the hundred thousands digit of 640480724?
4
What is the millions digit of 1525707678?
5
What is the hundred thousands digit of 244027358?
0
What is the billions digit of 1674519232?
1
What is the hundred millions digit of 4019828615?
0
What is the millions digit of 559252577?
9
What is the ten thousands digit of 1873304279?
0
What is the hundred millions digit of 109586565?
1
What is the billions digit of 2006538674?
2
What is the hundred millions digit of 379787509?
3
What is the tens digit of 254319748?
4
What is the ten millions digit of 989318991?
8
What is the hundreds digit of 269177725?
7
What is the thousands digit of 118958938?
8
What is the hundreds digit of 131207188?
1
What is the hundred millions digit of 170101976?
1
What is the thousands digit of 40103120?
3
What is the millions digit of 42974669?
2
What is the units digit of 29355170?
0
What is the hundred thousands digit of 1760467?
7
What is the ten thousands digit of 254642529?
4
What is the millions digit of 173439825?
3
What is the ten thousands digit of 2364429555?
2
What is the ten thousands digit of 17887784?
8
What is the hundred thousands digit of 562928993?
9
What is the millions digit of 57782691?
7
What is the millions digit of 1204386955?
4
What is the ten millions digit of 2637868774?
3
What is the ten thousands digit of 44076116?
7
What is the thousands digit of 105467785?
7
What is the hundred millions digit of 131639087?
1
What is the billions digit of 4143920675?
4
What is the thousands digit of 1078994206?
4
What is the millions digit of 174799915?
4
What is the ten millions digit of 4744187816?
4
What is the hundred thousands digit of 24397742?
3
What is the thousands digit of 91346704?
6
What is the hundred millions digit of 6509638218?
5
What is the ten millions digit of 19832336?
1
What is the billions digit of 1221945094?
1
What is the thousands digit of 147685881?
5
What is the hundreds digit of 24499666?
6
What is the millions digit of 370591962?
0
What is the billions digit of 4020491688?
4
What is the tens digit of 1069538248?
4
What is the units digit of 3970843321?
1
What is the hundred thousands digit of 784784?
7
What is the billions digit of 3183981252?
3
What is the millions digit of 49330293?
9
What is th